13, what is 15242 + -b?
15234
In base 13, what is 1 - -193cc?
19400
In base 13, what is 28 - -b1?
109
In base 6, what is 113 + -44?
25
In base 7, what is -2445 + 12533?
10055
In base 4, what is 10231110323 + -11?
10231110312
In base 3, what is 2022011210110 + -11?
2022011210022
In base 13, what is -4 - -4c78a?
4c786
In base 11, what is 4733 + -33?
4700
In base 11, what is -46a + 132?
-338
In base 7, what is 4 + -30600?
-30563
In base 4, what is 1213 - -213?
2032
In base 10, what is 3 + 36086?
36089
In base 5, what is -1114 - 13431?
-20100
In base 16, what is 1 + -17df3?
-17df2
In base 3, what is -1112001022122 - 2?
-1112001022201
In base 13, what is 50a - -67?
574
In base 7, what is 3 - -10500014?
10500020
In base 7, what is 220 - 121455?
-121235
In base 9, what is -2744 + -100?
-2844
In base 9, what is -4 - 817661?
-817665
In base 8, what is 3163 - 313?
2650
In base 15, what is -2596 + 3?
-2593
In base 3, what is 100210221 - -100?
100211021
In base 4, what is 110320 - -101301?
212221
In base 3, what is 111100 - 212202?
-101102
In base 16, what is -8c6b5 - -3?
-8c6b2
In base 13, what is -3c5 + 19?
-3a9
In base 7, what is -143 + 6115?
5642
In base 7, what is 112203 + 10?
112213
In base 8, what is 1376 + 155?
1553
In base 15, what is -35ea + 5?
-35e5
In base 12, what is 1 - -8727?
8728
In base 10, what is -22 - 1854?
-1876
In base 6, what is -21141 - 20?
-21201
In base 12, what is -4 - 19021?
-19025
In base 8, what is 15037 + 205?
15244
In base 8, what is -1 + -26660?
-26661
In base 3, what is -21112012010 - -1?
-21112012002
In base 4, what is 1221023002 + 2?
1221023010
In base 3, what is 1000 - -2011012121?
2011020121
In base 2, what is 1001000111001110 - 1?
1001000111001101
In base 3, what is 21111101 - 21110?
21012221
In base 7, what is -4013003 + 1?
-4013002
In base 4, what is 1 - -1031020021?
1031020022
In base 5, what is 212221 + -2?
212214
In base 6, what is 10351004 + 5?
10351013
In base 10, what is 69 - -503?
572
In base 9, what is -245 + 452?
206
In base 10, what is 3 + -61534?
-61531
In base 6, what is -1 + -145152?
-145153
In base 2, what is 110001001101001001 + 0?
110001001101001001
In base 7, what is 3 - 6411?
-6405
In base 15, what is -6 - 21ed7?
-21edd
In base 16, what is 1 - 2ffd6?
-2ffd5
In base 12, what is 22 - -959?
97b
In base 16, what is 9 + 807f?
8088
In base 4, what is 30312212220 - 2?
30312212212
In base 12, what is 689 - 45?
644
In base 15, what is 27 + -d15?
-cdd
In base 12, what is a975b - -6?
a9765
In base 13, what is -30548 - 5?
-30550
In base 13, what is c - -b096?
b0a5
In base 15, what is 19 - 32b3?
-3299
In base 7, what is -1 + 63506?
63505
In base 3, what is -1002112 + -12000?
-1021112
In base 2, what is 110 - 10000001110011000?
-10000001110010010
In base 11, what is 1329 + -17?
1312
In base 5, what is 240030004 - 3?
240030001
In base 12, what is 2 - 6a71?
-6a6b
In base 16, what is -5 - 39203?
-39208
In base 2, what is 10 - -1111001011110000?
1111001011110010
In base 7, what is 2060104 - 13?
2060061
In base 6, what is -12 - -1111?
1055
In base 8, what is -3 - -124423?
124420
In base 10, what is 2895 - 614?
2281
In base 15, what is 4918d + 8?
49196
In base 2, what is -1001011001 - 10000101?
-1011011110
In base 14, what is 99b4 - -6d?
9a43
In base 4, what is -20333233 + 21?
-20333212
In base 2, what is -110010000 - -10010011000?
1100001000
In base 12, what is b - -282b9?
28308
In base 16, what is -1d6c7 - 5?
-1d6cc
In base 3, what is -22220201001 + 2?
-22220200222
In base 12, what is 551b - -33?
5552
In base 5, what is -300114 - -1033?
-244031
In base 12, what is 516aa + -1?
516a9
In base 12, what is 11 + -7953?
-7942
In base 14, what is -3 + -9d0b?
-9d10
In base 3, what is 1200212002 + -210?
1200211022
In base 5, what is 144112 - -112?
144224
In base 14, what is 5 + -7a74?
-7a6d
In base 10, what is 125419 + -5?
125414
In base 15, what is 678 + -410?
268
In base 3, what is -102222102 - 21002?
-110020111
In base 8, what is 10537 - -6?
10545
In base 9, what is 5 + 1107708?
1107714
In base 7, what is -3063 - 3461?
-6554
In base 7, what is 232 - 2145?
-1613
In base 15, what is -88b5 - 2?
-88b7
In base 7, what is -1 + -114502?
-114503
In base 6, what is 2110 - 1430?
240
In base 7, what is 3 + 403301?
403304
In base 14, what is -11 + 381c?
380b
In base 7, what is 2166210 - 23?
2166154
In base 15, what is -98 - -2b8c?
2ae4
In base 10, what is -49 - -645?
596
In base 12, what is -b6 + 61a?
524
In base 6, what is -24122 + 50?
-24032
In base 10, what is -163450 + -6?
-163456
In base 5, what is -43322 + -33?
-43410
In base 7, what is 44 + -4555?
-4511
In base 11, what is -32 + 8984?
8952
In base 5, what is 320003102 - 3?
320003044
In base 2, what is 101110110 - 1111010?
11111100
In base 12, what is 13 - -620?
633
In base 14, what is -2457 + 8?
-244d
In base 9, what is 44078 - -4?
44083
In base 3, what is 22221 - -222?
100220
In base 2, what is 110100111 - -1101?
110110100
In base 13, what is 5 - 530b?
-5306
In base 9, what is -5683 - -15?
-5667
In base 4, what is 1 - 3121011?
-3121010
In base 7, what is 15 - -115533?
115551
In base 2, what is -1 + 111110011000100?
111110011000011
In base 9, what is -1 + -813217?
-813218
In base 6, what is 450 - -1355?
2245
In base 14, what is -5 - -42a60?
42a59
In base 3, what is 1112010220 - 11?
1112010202
In base 4, what is 10 + 10020303?
10020313
In base 13, what is 9 + -431b?
-4312
In base 3, what is -110000211220111 + 11?
-110000211220100
In base 14, what is -16 + 19ab8?
19aa2
In base 12, what is a6 - 36?
70
In base 16, what is -1b8 + -2342?
-24fa
In base 13, what is 1 - -181832?
181833
In base 8, what is 15 - -3277?
3314
In base 2, what is -10000110000101111 + -100?
-10000110000110011
In base 11, what is 5 - 4318?
-4313
In base 8, what is 105275 - -5?
105302
In base 2, what is -111101 + 1000011111111110?
1000011111000001
In base 15, what is 117e + 10?
118e
In base 6, what is -12100 + 4?
-12052
In base 10, what is 2 + 18890?
18892
In base 2, what is 1001010010100 + -10011?
1001010000001
In base 14, what is 0 - 45c59?
-45c59
In base 12, what is 5 + 164076?
16407b
In base 11, what is -1251a1 - 12?
-125203
In base 8, what is 2 + 417622?
417624
In base 2, what is 1101 + -1101101001111?
-1101101000010
In base 15, what is -6 - c5d1?
-c5d7
In base 5, what is -44303 - 3?
-44311
In base 4, what is 33 + -3230033?
-3230000
In base 9, what is 856 + -623?
233
In base 15, what is -6c17 + 4?
-6c13
In base 5, what is 4102203 - -2?
4102210
In base 2, what is -1011 + 1010100111011100000?
1010100111011010101
In base 12, what is 18500 - 0?
18500
In base 15, what is -11 - -4363?
4352
In base 4, what is 221212 + 20?
221232
In base 3, what is -2201000 - -10?
-2200220
In base 11, what is 9143 - 3?
9140
In base 9, what is -3 - 3557582?
-3557585
In base 3, what is -102 + 102221202?
102221100
In base 3, what is 10010100011 + 0?
10010100011
In base 13, what is -104c3 - -5?
-104bb
In base 9, what is -257655 - -1?
-257654
In base 9, what is 26610 + 20?
26630
In base 6, what is 4 - 2033343?
-2033335
In base 6, what is -2 + -23522504?
-23522510
In base 15, what is 392 + -414?
-72
In base 6, what is -31 - 1043?
-1114
In base 5, what is 2 - -14441112?
14441114
In base 2, what is -1001111001110010010 - -1101?
-1001111001110000101
In base 16, what is 1 - -115c?
115d
In base 5, what is -1 + -3101420?
-3101421
In base 14, what is 4 + -b3980?
-b397a
In base 11, what is 273 + -10a7?
-934
In base 12, what is 74 + 5844?
58b8
In base 9, what is -4570 - -65?
-4504
In base 2, what is 1101011001101 - -1000011?
1101100010000
In base 8, what is -554 + 360?
-174
In base 15, what is 18ae4 + -3?
18ae1
In base 10, what is 13 - -334997?
335010
In base 11, what is 181 - 53a?
-369
In base 12, what is 17a80 - 5?
17a77
In base 14, what is 901b - 0?
901b
In base 8, what is 3 - 1026064?
-1026061
In base 2, what is 1 + 10010010001001101?
10010010001001110
In base 4, what is -23210122 + 33?
-23210023
In base 15, what is -70 + 1a77?
1a07
In base 4, what is -2133011 + 2?
-2133003
In base 2, what is 1000010110 - 100110000?
11100110
In base 13, what is -4800 - 1?
-4801
In base 5, what is -1 + 1342222?
1342221
In base 5, what is -1121 - 1040?
-2211
In base 3, what is 101001121 - 101002?
100200112
In base 2, what is 11000110100110100011 - -10?
110